be u(t). Let s(h) = h**2 - 5*h. Determine s(w).
6
Let p(j) = -j**3 - 12*j**2 + j + 8. Suppose 13*q + 132 = -24. Determine p(q).
-4
Suppose -5*r + 7 = -3*a, 2*a = 2*r + 5 - 15. Let i(g) = -g**2 - 10*g + 11. What is i(a)?
20
Let f(h) = h**2 + 3*h - 5. Let i be (-88)/(-220)*(2 + -11 - 1). Give f(i).
-1
Suppose 0 = x - 6*x + 120. Let c = x + -19. Let o(q) = 4*q - 3*q - 4 + 0*q + c. What is o(-2)?
-1
Suppose x + 4*a = -x + 4, -3*x - 4 = -4*a. Suppose -l - 2 + 4 = x. Let n(w) = 23*w - 23*w + 0*w**3 - 3*w**l + 1 - w**3. Calculate n(-2).
-3
Let x(w) = -2*w**2 + 6*w - 3. Let l(s) = s**2 - 5*s + 2. Let z(b) = 3*l(b) + 2*x(b). Determine z(-3).
0
Let v(k) = k**2 + 6*k + 9. Suppose -2*s - 24 = 2*s. Let a be v(s). Let m be 2 - -1*a/3. Let y(j) = j**3 - 6*j**2 + 5*j - 3. Calculate y(m).
-3
Let a(w) = -6 - w**3 - 6*w + 12*w + 2*w**3 - 6*w**2. Let g = -64 + 68. Give a(g).
-14
Suppose -28 = -5*u - n, 7*u + 3*n = 5*u + 19. Let i(t) = -t**3 + 6*t**2 - 8*t + 4. What is i(u)?
-11
Suppose 0 = -0*q + 5*q. Let m(t) = q*t + 4 - 3 + t. Let s(y) = 6*y + 7. Let u(l) = 28*m(l) - 4*s(l). Give u(3).
12
Let y(m) = 9*m + 1. Suppose 5*c - 54 = 21. Suppose -1 = 2*s - c. Let n(k) = 4*k + 1. Let g(t) = s*n(t) - 3*y(t). What is g(0)?
4
Let b = 45 + -41. Let h(q) = q. What is h(b)?
4
Suppose 6*o = 26 + 52. Let p(u) = -5 + o*u + 4 - 3 - 14*u. Determine p(-3).
-1
Let m(p) = 5*p - 14. Let v be m(3). Let j(d) = -d**2 - 1. Calculate j(v).
-2
Let i = -4 + 8. Let u(d) = -40 - 5*d + 7 + 11 + 16 + 12. Give u(i).
-14
Let b(i) = i - 16. Suppose 5 = -t + 8. Suppose 0 = 4*u + 5*s - 37, -s - 1 = 3*u - t*s. Suppose -z = u*z. Determine b(z).
-16
Let x(r) = 11*r + 7. Let a(q) = q - 1. Let u(d) = 6*a(d) - x(d). Determine u(-9).
32
Let c = -5965 + 5959. Let h(o) = -7*o + 23. Let z(j) = 3*j - 11. Let s(a) = 4*h(a) + 9*z(a). Give s(c).
-1
Let t = 1381 + -1373. Let d(k) = 2*k + 2*k - 2 - k**2 + 5*k - 9. Give d(t).
-3
Let h(f) = -f**3 - 7*f**2 - 8*f - 9. Let w(i) = -2*i**3 + 2*i**2 - 6*i + 14. Let m be w(2). Calculate h(m).
3
Let j(n) = 3*n + 6. Let x be (-2)/(-1)*(-18)/12*-1. Suppose -h + 15 = -x*c + 4, -5*h = 3*c + 35. Give j(h).
-6
Let h(p) = -p**2 - 6*p + 2. Suppose -2*u - j - 7 = 0, 0 = -0*j - 5*j + 25. Determine h(u).
2
Let d(t) be the first derivative of -2*t**2 - 24*t + 35. Determine d(-7).
4
Let b be (-1 - (3 + -6)) + 0. Let x(u) = -b*u - 3 - u + 6 + 0. What is x(4)?
-9
Let n(u) be the third derivative of u**7/840 - u**6/90 - 7*u**5/120 + 7*u**4/24 + 19*u**3/6 - 18*u**2. Let y(x) be the first derivative of n(x). Give y(5).
-3
Let w(j) = j + 7. Let i = 648 - 653. Give w(i).
2
Let f(a) = -8*a**2 + a + 1. Let r(v) = 15*v**2 - 3*v - 1. Let x(j) = -11*f(j) - 6*r(j). Determine x(4).
-9
Let t be -2 + (-387)/(-63) + 2/(-14). Let h(q) = -3*q - q**3 + 2 - 1 - 6 + 4*q**2. Determine h(t).
-17
Let g(u) be the second derivative of u**5/20 + u**4/2 - 2*u**3/3 - 9*u**2/2 + 252*u. Give g(-6).
15
Let o(b) be the second derivative of -1/12*b**4 - 3*b + 0 + 7/6*b**3 + 1/2*b**2. Determine o(6).
7
Let j(x) = 3*x + 6 - 4*x + 2. Suppose -2*o + 4*o = f, 5*o + 15 = 5*f. Determine j(f).
2
Let r be (1/(-3))/(4/(-564)). Let i = 39 - r. Let h(f) = -f**3 - 8*f**2 - f - 2. Give h(i).
6
Let c(i) = 7*i + 22. Let g(y) = 6*y + 15. Let m(b) = -2*c(b) + 3*g(b). Give m(-2).
-7
Let d(l) be the third derivative of l**4/6 + 3*l**3 + 10*l**2 + 26*l. Give d(8).
50
Let p(v) = 3 - v**2 - 3 + 2*v**3. Let k be (-2)/(-5) - ((-76)/10 - -3). Suppose -k*i - 24 = -0*y - 4*y, i + 1 = -3*y. Give p(y).
1
Let p(s) = -13 + 71*s - 71*s + 14 - 2*s**2 - 2*s**3. Give p(-2).
9
Let y(x) be the third derivative of 0*x**4 + 1 + 0*x - 6*x**2 + 1/60*x**5 + 1/6*x**3. What is y(-2)?
5
Let c(k) = -4*k + 2. Let l(g) = -3*g + 1. Let q(f) = -2*c(f) + 3*l(f). Let d(v) = -v**2 + 6*v - 15. Let t(i) = d(i) - 3*q(i). Calculate t(8).
-4
Let t(a) be the third derivative of 0*a + 0 - 1/120*a**6 - a**2 - 1/10*a**5 + 1/6*a**3 - 1/24*a**4. Calculate t(-6).
7
Let c(b) = -b**2 + 6*b - 6. Let f(q) = -q**3 - 4*q**2 - 2*q + 3. Let m be f(-3). Suppose -5*u + 30 = -m. Give c(u).
-6
Let v(u) = -u**3 + 6*u**2 - 6*u + 5. Let k = -86 + 92. Suppose -95 = -25*t + k*t. Give v(t).
0
Let c(k) = -3*k**2 - 3*k - 2. Let m be 3 + 0 + 2 - 1. Suppose -2*b + 16 = -m*u, -2*b + 7 = -2*u - 5. Calculate c(u).
-8
Suppose 24*o - 27*o = -36. Let l be 65/78 - (-2)/o. Let b(q) = 18*q - 2*q**2 - 5*q + q**2 - 12*q. What is b(l)?
0
Let x(g) be the first derivative of g**4/24 + g**3/6 - 3*g**2/2 - 23. Let u(m) be the second derivative of x(m). Calculate u(-3).
-2
Let v = 39 + -37. Suppose -v*s - 3*r = -5, -5*s - r + 21 = -2*r. Let h(i) = -i**2 + 7*i - 5. Give h(s).
7
Let w(n) be the second derivative of -n**6/360 - n**5/30 + n**4/6 + 5*n**3/6 + 5*n. Let r(o) be the second derivative of w(o). Give r(-6).
-8
Let l(v) be the first derivative of -19 - 1/2*v**2 + v + 2/3*v**3. Determine l(-2).
11
Let x = 32 + -22. Let r = 3 - x. Let h(t) be the third derivative of -t**6/120 - 2*t**5/15 - t**4/4 - 5*t**3/6 - 53*t**2. Calculate h(r).
-12
Let k(j) = 3*j - 10. Let c(i) be the second derivative of 2*i**3/3 - 5*i**2 + 12*i. Let f = -7 - -2. Let w(p) = f*k(p) + 4*c(p). Determine w(-5).
5
Let n(r) = -4*r**2 + 12*r + 14. Suppose -3*x = 5*h + 14, 2*h - 3*x + 6 = 13. Let g(u) = -u**2 + u + 1. Let j(l) = h*n(l) + 3*g(l). Determine j(10).
-1
Let z(w) = -3*w**2 + 5*w + 7. Let y(q) = -3*q**2 - 88*q - 25. Let c be y(-29). Give z(c).
-21
Let y(z) be the third derivative of z**7/2520 - 7*z**5/60 + 17*z**4/12 - 2*z**2 + 13*z. Let b(d) be the second derivative of y(d). Calculate b(0).
-14
Let h(n) = -n**2 - 6*n - 3. Let k = -13 + 7. Let p(c) = c**3 - c + 5. Let j be p(0). Let o be j/(5/k) - 0. Give h(o).
-3
Let o(p) = 10*p - 157. Let y be o(15). Let v(g) = -g**3 - 9*g**2 - 6*g + 17. Calculate v(y).
-39
Let m(k) be the second derivative of -k**4/24 - k**3 - k**2/2 - 2*k. Let z(o) be the first derivative of m(o). Let s = 815 + -818. Give z(s).
-3
Let h(x) = x**3 + 5*x**2 + 3*x - 4. Let z(l) = 1 + 0*l + l - l**2 - 4*l - l. Suppose 0*m = 3*m + 15. Let c be z(m). Calculate h(c).
0
Suppose -5*a - 8 = -j, -5*a = -4*j + 2*j + 11. Let i be -6*(-5)/10 - j. Let h(l) = -l. Give h(i).
0
Suppose 0 = 7*z - 6*z - 11. Let o(a) = -a + 25. What is o(z)?
14
Suppose 21 = -20*d + 25*d - w, 4 = -4*w. Let l(i) = -i**3 + 3*i**2 + 7*i - 9. Determine l(d).
3
Let c(y) = 2*y + 6. Let q(d) be the third derivative of -d**4/12 - d**3 - 2*d**2. Let a(l) = -3*c(l) - 4*q(l). Give a(-6).
-6
Let c(i) = 9*i - 1. Let j(d) = 10*d - 2. Let b(x) = 4*c(x) - 3*j(x). Suppose -123*w + 330 + 10 = -38*w. Determine b(w).
26
Let f(p) be the third derivative of p**6/120 + 2*p**5/15 - 5*p**4/12 - 5*p**3/3 + 385*p**2. What is f(-9)?
-1
Let y(m) = 4*m**2 + 3*m + 10. Let k(a) = -a**2 - 2*a + 1. Let w(l) = 5*k(l) + y(l). Give w(-9).
-3
Let k(b) = b**3 - 6*b**2 + b - 1. Let z be (18/(-8))/((-21)/28). Let p be (-1)/((-2 - z)/30). Calculate k(p).
5
Let v(p) = -p**3 - 16*p**2 - 17*p - 22. Let j be v(-15). Let c(y) = y + 5*y + 7*y**2 - y**3 + 3*y - 4. Let q be c(j). Let d(i) = 4*i - 6. Determine d(q).
10
Let s(g) = 34*g**3 + 2*g**2 + g + 3. Let d(x) = -x**3 + x**2 + 1. Let c(b) = -3*d(b) + s(b). Give c(1).
37
Let p(u) = 6*u + 3. Let m(v) = -141 + 6*v + 69 + 76. Let w(s) = -6*m(s) + 7*p(s). Calculate w(3).
15
Let w(l) = -33*l - 129. Let c be w(-4). Let d(v) = v**3 + 2*v**2 + 1. Calculate d(c).
46
Let k(v) be the first derivative of v**4/4 - 11*v + 1009. Give k(0).
-11
Let y(c) = 142 - 5*c**3 - 7*c - 12*c**2 + 6*c**2 - 148 + 4*c**3. Calculate y(-5).
4
Suppose -2*w + 5 - 1 = 0. Suppose 18 = 3*c + 3*r, 0 = -w*r - 3 + 11. Let j(o) = 3*o**2 + o**2 - c*o**2 + 1 - 2. What is j(-1)?
1
Let m(n) be the second derivative of n**3 - 1/2*n**2 - 5*n - 1/6*n**4 + 0. Calculate m(4).
-9
Let m = -37 + 39. Let r(k) = -2*k + 3*k**2 + 0*k**2 - 2 - m*k**2. What is r(3)?
1
Let r(j) be the second derivative of -j**3/6 + 3*j**2 + 40*j. Determine r(-2).
8
Suppose 0 = 5*n + 15, -3*m + 5*n - 5 = -m. Let o(c) = -c**3 - 10*c**2 - 2*c - 10. Determine o(m).
10
Let y(m) = -7*m**2 + 2*m - 13. Let c = -65 - -71. Let h(z) = 6*z**2 - 3*z + 12. Let g(k) = c*h(k) + 5*y(k). Give g(7).
0
Suppose -45 - 76 = -11*c. Let p(o) = -2. Let t(n) = n - 9. Let s(x) = c*p(x) - 2*t(x). Calculate s(3).
-10
Let k(b) be the second derivative of -2*b**2